
Does 250 divide 1833500?
True
Is 559324 a multiple of 45?
False
Does 330 divide 22435717?
False
Is 14 a factor of 1703618?
True
Is 199 a factor of 743800?
False
Does 199 divide 1145245?
True
Is 1816998 a multiple of 6?
True
Is 238356 a multiple of 12?
True
Does 1037 divide 12330967?
True
Is 1507770 a multiple of 55?
True
Is 43 a factor of 194634?
False
Does 40 divide 492240?
True
Is 378 a factor of 3649950?
False
Is 163557 a multiple of 60?
False
Is 51 a factor of 4657830?
True
Is 2040552 a multiple of 54?
True
Is 392615 a multiple of 31?
True
Is 68 a factor of 112880?
True
Is 3817187 a multiple of 121?
True
Does 277 divide 303145?
False
Is 21 a factor of 1221282?
False
Is 112 a factor of 1017499?
False
Is 56 a factor of 131208?
True
Does 520 divide 145160?
False
Is 70 a factor of 9479493?
False
Is 676544 a multiple of 1364?
True
Is 12 a factor of 44016?
True
Does 51 divide 356592?
True
Is 1307113 a multiple of 16?
False
Is 14305 even?
False
Does 660 divide 9829380?
True
Is 96 a factor of 1520773?
False
Is 4366641 a multiple of 471?
True
Is 517998 a multiple of 18?
False
Is 14 a factor of 1972391?
False
Is 24 a factor of 15248688?
True
Is 9538156 a multiple of 17?
True
Is 6 a factor of 9812224?
False
Is 1547788 a multiple of 6?
False
Is 33 a factor of 1776126?
True
Does 4 divide 12870?
False
Is 401 a factor of 235788?
True
Is 298731 a multiple of 92?
False
Is 7 a factor of 1462965?
True
Is 79 a factor of 2712192?
False
Is 4 a factor of 73137?
False
Is 198 a factor of 25914834?
True
Is 165 a factor of 30132?
False
Does 181 divide 524652?
False
Is 116 a factor of 14384?
True
Is 410931 a multiple of 342?
False
Does 399 divide 485583?
True
Does 183 divide 266081?
False
Is 109 a factor of 2545259?
True
Is 17 a factor of 14747473?
False
Is 835023 a multiple of 43?
False
Does 10 divide 276320?
True
Is 365838 a multiple of 241?
True
Does 26 divide 113427?
False
Does 14 divide 189392?
True
Does 15 divide 85057?
False
Is 286 a factor of 5344482?
True
Is 685981 even?
False
Is 322184 a multiple of 21?
False
Does 169 divide 1212068?
True
Does 8 divide 419056?
True
Does 64 divide 581306?
False
Does 8 divide 283408?
True
Is 96848 a multiple of 8?
True
Does 37 divide 12868452?
True
Does 119 divide 19434623?
False
Is 7649540 a multiple of 15?
False
Is 71 a factor of 5486525?
True
Does 26 divide 2747628?
True
Is 476504 a multiple of 56?
True
Is 26 a factor of 11351162?
False
Is 163 a factor of 5090756?
False
Is 478326 a multiple of 191?
False
Is 650385 a multiple of 23?
False
Is 54 a factor of 6643242?
True
Does 55 divide 37871?
False
Is 118 a factor of 101244?
True
Does 302 divide 8553841?
False
Does 11 divide 579084?
True
Is 5 a factor of 129092?
False
Is 20 a factor of 27280?
True
Is 1011430 a multiple of 20?
False
Is 211800 a multiple of 30?
True
Is 48 a factor of 411586?
False
Is 40 a factor of 151920?
True
Does 891 divide 227742?
False
Does 4 divide 52171?
False
Is 407 a factor of 2125761?
True
Is 8 a factor of 140768?
True
Does 182 divide 138411?
False
Is 10 a factor of 6729190?
True
Does 350 divide 1613282?
False
Is 183 a factor of 4033137?
True
Is 118 a factor of 1077070?
False
Is 384544 a multiple of 32?
True
Does 37 divide 1094867?
True
Is 8887424 a multiple of 140?
False
Does 63 divide 1542303?
True
Is 11 a factor of 15780281?
True
Does 54 divide 21438?
True
Is 50 a factor of 2471040?
False
Does 32 divide 411853?
False
Is 54 a factor of 44658?
True
Is 1939500 a multiple of 20?
True
Is 32 a factor of 36224?
True
Is 8 a factor of 503392?
True
Does 414 divide 38131?
False
Is 17 a factor of 30455?
False
Is 192355 a multiple of 365?
True
Does 2 divide 1057378?
True
Is 30 a factor of 2241750?
True
Is 6 a factor of 4277?
False
Is 126206 a multiple of 5?
False
Is 115 a factor of 87860?
True
Is 182392 a multiple of 15?
False
Is 98 a factor of 8474214?
False
Is 9 a factor of 72594?
True
Does 77 divide 69814?
False
Does 13 divide 616562?
False
Is 41 a factor of 79827?
True
Is 101875 a multiple of 163?
True
Does 23 divide 2076877?
True
Is 15 a factor of 4770630?
True
Is 7 a factor of 28903?
True
Is 153902 a multiple of 348?
False
Is 5569280 a multiple of 229?
True
Is 199 a factor of 626651?
True
Is 147 a factor of 193533?
False
Is 8 a factor of 6780640?
True
Is 10 a factor of 805773?
False
Is 1501 a factor of 10004214?
False
Is 521388 a multiple of 252?
True
Does 417 divide 1091364?
False
Is 10 a factor of 360662?
False
Does 90 divide 5685556?
False
Is 84 a factor of 11826235?
False
Is 66861 a multiple of 256?
False
Is 182489 a multiple of 4?
False
Is 139 a factor of 46009?
True
Is 4089 a multiple of 3?
True
Is 226176 a multiple of 228?
True
Is 229 a factor of 1061077?
False
Is 3955 a multiple of 35?
True
Is 40 a factor of 120756?
False
Is 1774117 a multiple of 5?
False
Does 16 divide 151188?
False
Is 113449 a multiple of 19?
True
Is 589830 a multiple of 10?
True
Is 194 a factor of 622352?
True
Does 9 divide 23094?
True
Is 319680 a multiple of 10?
True
Is 6843357 a multiple of 17?
False
Is 27 a factor of 6964542?
True
Does 35 divide 615580?
True
Is 25 a factor of 845582?
False
Does 12 divide 29004?
True
Is 332 a factor of 594263?
False
Is 92 a factor of 321356?
True
Is 44215 a multiple of 185?
True
Is 75818 a multiple of 5?
False
Is 404737 a multiple of 337?
True
Does 41 divide 8033800?
False
Is 80299 a multiple of 32?
False
Does 124 divide 510289?
False
Is 293920 a multiple of 18?
False
Does 89 divide 3571121?
False
Is 25 a factor of 88078?
False
Does 18 divide 7900974?
True
Does 14 divide 32576?
False
Does 14 divide 38136?
True
Does 23 divide 135102?
True
Is 788704 a multiple of 56?
True
Is 10 a factor of 17489780?
True
Is 90734 a multiple of 16?
False
Is 6 a factor of 1968?
True
Is 38579 a multiple of 46?
False
Does 149 divide 2594330?
False
Does 97 divide 474233?
True
Is 59458 a multiple of 32?
False
Does 6 divide 1020?
True
Is 228 a factor of 124426?
False
Is 372927 a multiple of 251?
False
Does 264 divide 299640?
True
Does 86 divide 35690?
True
Is 6121666 a multiple of 20?
False
Is 3 a factor of 350?
False
Does 55 divide 47407?
False
Does 26 divide 2017440?
False
Is 51 a factor of 3736974?
True
Does 3 divide 326369?
False
Is 245599 a multiple of 11?
False
Does 25 divide 55125?
True
Is 1381 a factor of 2335706?
False
Is 240103 a multiple of 48?
False
Does 4 divide 89460?
True
Is 227 a factor of 448843?
False
Does 100 divide 1000?
True
Is 440896 a multiple of 664?
True
Is 77 a factor of 6059757?
False
Is 61 a factor of 20862?
True
Is 28 a factor of 105847?
False
Does 12 divide 4322088?
True
Is 13 a factor of 821730?
True
Is 255 a factor of 342388?
False
Is 488 a factor of 705548?
False
Is 507136 a multiple of 96?
False
Is 1633849 a multiple of 79?
False
Is 56349 a multiple of 16?
False
Does 434 divide 1813686?
True
Does 21 divide 296373?
True
Does 263 divide 4469534?
False
Does 35 divide 104220?
False
Is 1488380 a multiple of 10?
True
Does 2 divide 763850?
True
Is 24 a factor of 3795408?
True
Does 1585 divide 1497478?
False
Is 736097 a multiple of 33?
False
Does 6 divide 584806?
False
Is 583768 a multiple of 344?
True
Is 243338 a multiple of 17?
True
Is 15980 a multiple of 47?
True
Does 29 divide 480472?
True
Is 20121 a multiple of 15?
False
Is 1653465 a multiple of 183?
False
Is 7 a factor of 649131?
True
Is 402983 a multiple of 3?
False
Is 104 a factor of 8219056?
False
Is 82 a factor of 29862104?
True
Does 14 divide 1753290?
True
Is 4751662 a multiple of 53?
True
Does 61 divide 853823?
False
Is 141 a factor of 1323869?
False
Is 69 a factor of 3156336?
True
Does 2 divide 107111?
False
Is 25 a factor of 71800?
True
Does 19 divide 7552424?
True
Is 218828 a multiple of 19?
False
Does 57 divide 56259?
True
Does 144 divide 489782?
False
Is 181477 a multiple of 15?
False
Does 15 divide 61270?
False
Is 4648577 a multiple of 15?
False
Does 73 divide 173057?
False
Does 32 divide 541280?
True
Does 76 divide 40107?
False
Does 22 divide 88007?
False
Does 9 divide 805120?
False
Is 39655 even?
False
Is 91 a factor of 123919?
False
Is 221676 a multiple of 351?
False
Is 43 a factor of 511400?
False
Does 145 divide 100511?
False
Is 9 a factor of 3454300?
False
Is 78 a factor of 2706210?
True
Is 420357 a multiple of 26?
False
Is 10053327 a multiple of 13?
False
Is 77